1
What are the prime factors of 5572?
2, 7, 199
What are the prime factors of 9537?
3, 11, 17
What are the prime factors of 1537?
29, 53
List the prime factors of 7932.
2, 3, 661
List the prime factors of 3256.
2, 11, 37
List the prime factors of 12155.
5, 11, 13, 17
What are the prime factors of 17001?
3, 1889
List the prime factors of 150888.
2, 3, 6287
What are the prime factors of 6932?
2, 1733
What are the prime factors of 18325?
5, 733
List the prime factors of 13102.
2, 6551
What are the prime factors of 431?
431
List the prime factors of 14201.
11, 1291
List the prime factors of 15076.
2, 3769
List the prime factors of 2380.
2, 5, 7, 17
List the prime factors of 48202.
2, 7, 11, 313
List the prime factors of 1163.
1163
What are the prime factors of 25701?
3, 13, 659
What are the prime factors of 210754?
2, 167, 631
What are the prime factors of 7548?
2, 3, 17, 37
What are the prime factors of 2332?
2, 11, 53
List the prime factors of 5174.
2, 13, 199
List the prime factors of 5781.
3, 41, 47
List the prime factors of 614.
2, 307
What are the prime factors of 635?
5, 127
List the prime factors of 2570.
2, 5, 257
List the prime factors of 544.
2, 17
List the prime factors of 1068.
2, 3, 89
What are the prime factors of 2021?
43, 47
List the prime factors of 3053.
43, 71
What are the prime factors of 34893?
3, 3877
List the prime factors of 2879.
2879
What are the prime factors of 1065?
3, 5, 71
List the prime factors of 6127.
11, 557
List the prime factors of 4185.
3, 5, 31
What are the prime factors of 62241?
3, 20747
What are the prime factors of 15376?
2, 31
List the prime factors of 43797.
3, 13, 1123
What are the prime factors of 14300?
2, 5, 11, 13
What are the prime factors of 3016?
2, 13, 29
What are the prime factors of 6369?
3, 11, 193
What are the prime factors of 37?
37
List the prime factors of 45747.
3, 13, 17, 23
List the prime factors of 93846.
2, 3, 15641
What are the prime factors of 9676?
2, 41, 59
What are the prime factors of 268?
2, 67
What are the prime factors of 41864?
2, 5233
List the prime factors of 120267.
3, 7, 23, 83
What are the prime factors of 3826?
2, 1913
List the prime factors of 18263.
7, 2609
List the prime factors of 5169.
3, 1723
What are the prime factors of 29670?
2, 3, 5, 23, 43
List the prime factors of 397.
397
What are the prime factors of 31053?
3, 11, 941
What are the prime factors of 40726?
2, 7, 2909
What are the prime factors of 16980?
2, 3, 5, 283
What are the prime factors of 758?
2, 379
What are the prime factors of 931?
7, 19
List the prime factors of 415.
5, 83
List the prime factors of 2303.
7, 47
List the prime factors of 302.
2, 151
What are the prime factors of 2260?
2, 5, 113
What are the prime factors of 2166?
2, 3, 19
What are the prime factors of 3332?
2, 7, 17
List the prime factors of 6154.
2, 17, 181
What are the prime factors of 45497?
45497
What are the prime factors of 4059?
3, 11, 41
List the prime factors of 127073.
83, 1531
List the prime factors of 35503.
13, 2731
List the prime factors of 16080.
2, 3, 5, 67
What are the prime factors of 14748?
2, 3, 1229
What are the prime factors of 73619?
7, 13, 809
List the prime factors of 11365.
5, 2273
What are the prime factors of 5175?
3, 5, 23
List the prime factors of 356.
2, 89
What are the prime factors of 8261?
11, 751
What are the prime factors of 636?
2, 3, 53
What are the prime factors of 1092?
2, 3, 7, 13
What are the prime factors of 8711?
31, 281
What are the prime factors of 72330?
2, 3, 5, 2411
What are the prime factors of 2713?
2713
What are the prime factors of 4711?
7, 673
What are the prime factors of 999?
3, 37
What are the prime factors of 86?
2, 43
What are the prime factors of 20473?
59, 347
List the prime factors of 206.
2, 103
What are the prime factors of 391?
17, 23
What are the prime factors of 5867?
5867
List the prime factors of 7182.
2, 3, 7, 19
List the prime factors of 956.
2, 239
What are the prime factors of 127905?
3, 5, 8527
List the prime factors of 152135.
5, 30427
List the prime factors of 136092.
2, 3, 11, 1031
List the prime factors of 7.
7
List the prime factors of 803.
11, 73
List the prime factors of 131.
131
What are the prime factors of 5412?
2, 3, 11, 41
List the prime factors of 24184.
2, 3023
List the prime factors of 2754.
2, 3, 17
List the prime factors of 827.
827
What are the prime factors of 7944?
2, 3, 331
List the prime factors of 1454.
2, 727
List the prime factors of 1453.
1453
List the prime factors of 1995.
3, 5, 7, 19
List the prime factors of 170.
2, 5, 17
List the prime factors of 1838.
2, 919
What are the prime factors of 13358?
2, 6679
What are the prime factors of 390?
2, 3, 5, 13
List the prime factors of 4418.
2, 47
List the prime factors of 68317.
53, 1289
List the prime factors of 2070.
2, 3, 5, 23
List the prime factors of 911.
911
What are the prime factors of 1515?
3, 5, 101
List the prime factors of 3329.
3329
What are the prime factors of 681?
3, 227
List the prime factors of 1488.
2, 3, 31
What are the prime factors of 3869?
53, 73
List the prime factors of 9560.
2, 5, 239
What are the prime factors of 487?
487
What are the prime factors of 502?
2, 251
What are the prime factors of 1205?
5, 241
List the prime factors of 10135.
5, 2027
List the prime factors of 1017.
3, 113
List the prime factors of 19871.
31, 641
List the prime factors of 1724.
2, 431
List the prime factors of 90692.
2, 7, 41, 79
What are the prime factors of 124?
2, 31
List the prime factors of 810.
2, 3, 5
List the prime factors of 4040.
2, 5, 101
What are the prime factors of 87780?
2, 3, 5, 7, 11, 19
What are the prime factors of 3857?
7, 19, 29
List the prime factors of 754.
2, 13, 29
List the prime factors of 6626.
2, 3313
List the prime factors of 1074.
2, 3, 179
What are the prime factors of 8076?
2, 3, 673
List the prime factors of 35398.
2, 11, 1609
List the prime factors of 144.
2, 3
What are the prime factors of 2475?
3, 5, 11
What are the prime factors of 54193?
54193
What are the prime factors of 40590?
2, 3, 5, 11, 41
What are the prime factors of 25106?
2, 12553
List the prime factors of 33335.
5, 59, 113
List the prime factors of 56765.
5, 11353
List the prime factors of 95058.
2, 3, 5281
What are the prime factors of 1082?
2, 541
What are the prime factors of 73453?
73453
List the prime factors of 34939.
34939
What are the prime factors of 361?
19
What are the prime factors of 4743?
3, 17, 31
List the prime factors of 17050.
2, 5, 11, 31
List the prime factors of 64446.
2, 3, 23, 467
List the prime factors of 244.
2, 61
What are the prime factors of 9108?
2, 3, 11, 23
List the prime factors of 1713.
3, 571
What are the prime factors of 11758?
2, 5879
What are the prime factors of 644?
2, 7, 23
What are the prime factors of 1843?
19, 97
What are the prime factors of 13619?
13619
What are the prime factors of 10654?
2, 7, 761
List the prime factors of 26936.
2, 7, 13, 37
What are the prime factors of 24286?
2, 12143
What are the prime factors of 8592?
2, 3, 179
What are the prime factors of 24530?
2, 5, 11, 223
What are the prime factors of 1065?
3, 5, 71
List the prime factors of 27484.
2, 6871
What are the prime factors of 1766?
2, 883
List the prime factors of 3618.
2, 3, 67
What are the prime factors of 2129?
2129
What are the prime factors of 9758?
2, 7, 17, 41
What are the prime factors of 330?
2, 3, 5, 11
List the prime factors of 6756.
2, 3, 563
List the prime factors of 2576.
2, 7, 23
List the prime factors of 65758.
2, 7, 11, 61
List the prime factors of 9609.
3, 3203
List the prime factors of 2994.
2, 3, 499
List the prime factors of 2236.
2, 13, 43
What are the prime factors of 1444?
2, 19
What are the prime factors of 31056?
2, 3, 647
List the prime factors of 189875.
5, 7, 31
List the prime factors of 44716.
2, 7, 1597
What are the prime factors of 528?
2, 3, 11
What are the prime factors of 676?
2, 13
What are the prime factors of 1159?
19, 61
What are the prime factors of 1894?
2, 947
List the prime factors of 6134.
2, 3067
What are the prime factors of 627?
3, 11, 19
List the prime factors of 434.
2, 7, 31
List the prime factors of 3595.
5, 719
List the prime factors of 2080.
2, 5, 13
What are the prime factors of 12294?
2, 3, 683
List the pri